{"id":1080,"date":"2024-04-04T12:36:20","date_gmt":"2024-04-04T12:36:20","guid":{"rendered":"http:\/\/www.uamspopesti.ro\/?page_id=1080"},"modified":"2024-04-04T12:36:21","modified_gmt":"2024-04-04T12:36:21","slug":"grila-de-evaluare-medico-sociala-a-persoanelor-care-se-interneaza-in-unitatea-de-asistenta-medico-sociala-popesti","status":"publish","type":"page","link":"http:\/\/www.uamspopesti.ro\/index.php\/grila-de-evaluare-medico-sociala-a-persoanelor-care-se-interneaza-in-unitatea-de-asistenta-medico-sociala-popesti\/","title":{"rendered":"GRILA DE EVALUARE MEDICO-SOCIAL\u0102 A PERSOANELOR CARE SE INTERNEAZ\u0102 \u00ceN UNITATEA DE ASISTEN\u021a\u0102 MEDICO-SOCIAL\u0102 POPE\u0218TI"},"content":{"rendered":"<a href=\"http:\/\/www.uamspopesti.ro\/wp-content\/uploads\/2024\/04\/GRILA-DE-EVALUARE-MEDICO-SOCIALA-A-PERSOANELOR-CARE-SE-INTERNEAZA-IN-UNITATEA-DE-ASISTENTA-MEDICO-SOCIALA-POPESTI.pdf\" class=\"pdfemb-viewer\" style=\"\" data-width=\"max\" data-height=\"max\"  data-toolbar=\"bottom\" data-toolbar-fixed=\"off\">GRILA-DE-EVALUARE-MEDICO-SOCIALA-A-PERSOANELOR-CARE-SE-INTERNEAZA-IN-UNITATEA-DE-ASISTENTA-MEDICO-SOCIALA-POPESTI<br\/><\/a>\n<p class=\"wp-block-pdfemb-pdf-embedder-viewer\"><\/p>\n","protected":false},"excerpt":{"rendered":"","protected":false},"author":1,"featured_media":0,"parent":0,"menu_order":0,"comment_status":"closed","ping_status":"closed","template":"","meta":[],"_links":{"self":[{"href":"http:\/\/www.uamspopesti.ro\/index.php\/wp-json\/wp\/v2\/pages\/1080"}],"collection":[{"href":"http:\/\/www.uamspopesti.ro\/index.php\/wp-json\/wp\/v2\/pages"}],"about":[{"href":"http:\/\/www.uamspopesti.ro\/index.php\/wp-json\/wp\/v2\/types\/page"}],"author":[{"embeddable":true,"href":"http:\/\/www.uamspopesti.ro\/index.php\/wp-json\/wp\/v2\/users\/1"}],"replies":[{"embeddable":true,"href":"http:\/\/www.uamspopesti.ro\/index.php\/wp-json\/wp\/v2\/comments?post=1080"}],"version-history":[{"count":1,"href":"http:\/\/www.uamspopesti.ro\/index.php\/wp-json\/wp\/v2\/pages\/1080\/revisions"}],"predecessor-version":[{"id":1082,"href":"http:\/\/www.uamspopesti.ro\/index.php\/wp-json\/wp\/v2\/pages\/1080\/revisions\/1082"}],"wp:attachment":[{"href":"http:\/\/www.uamspopesti.ro\/index.php\/wp-json\/wp\/v2\/media?parent=1080"}],"curies":[{"name":"wp","href":"https:\/\/api.w.org\/{rel}","templated":true}]}}